 14*w**3 - 2*w + 1. What is the units digit of p(i)?
3
Let r be (-25)/(-4) - (-7)/(-28). Suppose 10 = -g + r*g. Suppose 0 = -2*h - g*j + j + 31, j = 2*h - 25. What is the units digit of h?
4
Let s(w) = 4*w**2 + 5*w + 25. What is the tens digit of s(-6)?
3
Let k(b) = -b**3 + 7*b**2 - 6*b + 4. Let c be k(6). Suppose -f = 2*j - 27, -2*j + 108 = c*f - 6*j. What is the units digit of f?
7
Let d be (-68)/5 - 2/5. Let v = d + 22. What is the units digit of v/12 + (-13)/(-3)?
5
Suppose 7 + 13 = 5*r. Let o be 7 - 7 - (-82)/1. Suppose 0 = 5*m - r*l - o, 54 = 3*m - l - 3*l. What is the units digit of m?
4
Let q(i) = i - 8. Let g be q(8). Suppose g = 2*z + z + 108. Let r = -22 - z. What is the tens digit of r?
1
What is the units digit of ((-2 - 13)/((-1)/13))/1?
5
What is the tens digit of 294/10*(11 + -6) + -3?
4
Let j = 4 - 4. Suppose -2*i = -j*i - 20. Let c(z) = -z + 23. What is the tens digit of c(i)?
1
Let h = -3 + 6. Suppose 3*q = 0, -63 = -h*u - 0*q + 5*q. What is the tens digit of u?
2
Suppose -15 - 1 = -4*r. What is the units digit of 49/r + (-3)/12?
2
Let o(x) = -x**3 + 5*x**2 + 5*x - 2. What is the units digit of o(5)?
3
What is the units digit of ((-202)/10 - 3)/(2/(-10))?
6
Suppose 3*r - 165 - 63 = 0. What is the units digit of (r/3)/((-2)/(-3))?
8
Let u be -1 + 2 + (2 - -3). Suppose x - 180 = u*x. What is the units digit of (-56)/(-12)*x/(-14)?
2
Let z be (16/6)/(2/3). Suppose 70 = o + 4*w, -4*o - z*w + 120 = -2*o. What is the units digit of 2/(-6) + o/6?
8
Let l(f) = 6*f**2 + 2 - f**3 + 5 - 1 + f. What is the tens digit of l(6)?
1
Let g be (-258)/54 - (-4)/(-18). Let k = g + 7. What is the units digit of k?
2
Let b(a) = a**3 - a - 2. Let m be b(2). Let o be m - 0 - (-4 - -4). Suppose -5*z - 5 = 0, 5*s - o*z + 4 = 13. What is the units digit of s?
1
Suppose -2*g = -6*g + 324. What is the tens digit of g?
8
Let d(o) = 20*o**2 + 3*o + 1. What is the units digit of d(-2)?
5
Let l = 77 + -50. What is the tens digit of l?
2
Suppose 1658 = 5*s + 498. What is the hundreds digit of s?
2
Let b = 60 + 91. What is the hundreds digit of b?
1
Suppose -2*n = 3*u - 298, -n + 5 = -6*n. What is the tens digit of u?
0
Suppose 4*k - 3*v = 127, -3*k = -2*v + 5*v - 111. What is the tens digit of k?
3
Suppose 5*r = -r. Suppose r = -0*z + 3*z - 78. What is the units digit of z?
6
Let p(d) = 7*d**2 + 2*d + 6. What is the tens digit of p(-3)?
6
Suppose 2*q - 5 = 9. Suppose 40 = 3*m + q. What is the units digit of m?
1
Let g(a) = -a**2 + 48. Let o be g(0). Let d = 0 - -3. Suppose -4*f + o = 4*z, f - 6*z + d*z - 12 = 0. What is the units digit of f?
2
Let c(x) = x**3 + 7*x**2 - x + 1. Let i be c(-7). Let o = 11 - i. Let f = 5 - o. What is the units digit of f?
2
Let g(p) = p**3 + p + 11. Let k be g(0). Let n = -1 + k. What is the tens digit of n?
1
Let n(c) = -11*c + 9. What is the hundreds digit of n(-13)?
1
Let q(y) = 7*y**2 - y - 4. Suppose -11 = 3*n - 5*g, -2*n + 3*g - 13 + 6 = 0. What is the tens digit of q(n)?
2
Let x be (-48)/(-30) + 4/10. Suppose x - 5 = -g. Suppose g*k - k + a - 21 = 0, -25 = -5*k + 3*a. What is the units digit of k?
8
Let p(i) = i**2 + 3*i + 5. Let a be p(-4). Let r = a + 4. What is the tens digit of r?
1
Suppose 2*m + 15 = -3*m. Let f = 2 - m. Suppose z + 0*z = f. What is the units digit of z?
5
Suppose 0 = 2*h - 5*k - 145, -2*h + 3*h - 3*k = 70. What is the tens digit of h?
8
Suppose -7 + 5 = -y. Let u(d) = -2*d**2 + 9*d - 4. Let o be u(4). Suppose a + 5*j + 20 = 4*a, o = -a + y*j + 5. What is the tens digit of a?
1
Let k = -10 - -14. Suppose 37 = k*i + 5*b, i - 4*i + 24 = 3*b. What is the units digit of i?
3
Let l be (2/3)/((-2)/(-96)). Let g(c) = c**3 - 6*c**2 + 4*c - 2. Let d be g(2). Let k = l + d. What is the tens digit of k?
2
Suppose -1 + 9 = 4*g. What is the units digit of 1 + 2/(-2) + g?
2
What is the units digit of (51/(-15) - -3)/(2/(-390))?
8
Let a(o) = o**2 - 11*o + 15. Let y be (1/1)/(2/22). What is the units digit of a(y)?
5
Let d(v) = -47*v**3 - 3*v**2 + v + 3. What is the units digit of d(-1)?
6
Suppose 3*h - 53 = 5*a, 5*a - 42 = -4*h + 52. Suppose 0*c + d - 9 = -2*c, -3*c + h = 3*d. Let n = 3 - c. What is the units digit of n?
1
What is the tens digit of (-1275)/(-27) + 8/(-36)?
4
What is the units digit of (-8 - -16)/(2/24)?
6
Suppose -3*t = -4*o + 17, 4*t - o + 15 = -12. What is the units digit of (-2 - 58)*t/14?
0
Let m(y) be the second derivative of y**5/20 - 3*y**4/4 + y**3/6 + 2*y**2 - 2*y. What is the tens digit of m(9)?
1
Suppose -k - 2*k + 120 = 0. What is the tens digit of k?
4
Let g = 5 + -3. Suppose f + 12 = g*f. What is the units digit of f?
2
What is the units digit of (4/5)/((-1)/(-5))?
4
Let m be 137/2 + 1/(-2). Suppose m = -5*k + 268. What is the tens digit of k?
4
Let h(b) = -b**2 + 5*b + 8. Let r be h(6). Suppose 4*s - 5*m + 65 = 0, m = -r*s - 56 + 13. Let o = -11 - s. What is the units digit of o?
9
Let c be (1 + -6)*2 + 2. What is the units digit of 47/7 + c/(-28)?
7
Let w(m) = -30*m - 37. What is the units digit of w(-10)?
3
Let m(s) = s**2 + 8*s + 9. Let j be m(-7). What is the units digit of 0 + ((-6)/(-1))/j?
3
Suppose 0 = 2*q + q - 15. Let z = 7 - q. What is the units digit of (2 + 0)*1/z?
1
Suppose 3*v = v + 8. Suppose v*x = -4*y + 28, -9*x + 4*x - y = -27. Let m(z) = -z**3 + 5*z**2 + 2*z - 2. What is the units digit of m(x)?
8
Suppose 0 = 5*q + 2*y - 29, 0 = 2*q - 2*y + y - 8. Suppose q*u - 12 = u. What is the units digit of u?
3
Suppose 3*n - p = 3, 0*n + 3*p = 4*n - 9. Suppose -2*s + 3*s - 51 = n. What is the units digit of s?
1
Suppose 96 - 30 = 2*u. What is the tens digit of u?
3
Suppose -15*l = -13*l. Suppose j + 4 - 16 = l. What is the units digit of j?
2
Let l be -1 + -2 + -1 + 9. Suppose q = -4*m - 2, 7*q - 3 = 3*q - l*m. What is the units digit of q?
2
Let s = 5 - -25. What is the tens digit of s?
3
Suppose 62 = 5*x - 2*z + z, 0 = -2*x - 2*z + 32. Suppose n - 10 = -3*f + x, n + 40 = 4*f. What is the units digit of f?
9
Let b(c) = -c + 1. Let a be b(1). Suppose -2*f + a = -2. What is the units digit of 9 - 4/(f - -1)?
7
Suppose -3*d - 3 = 3, 5*b + 2*d = 1. What is the units digit of b?
1
Suppose 3*m - 133 + 130 = 0. What is the units digit of m?
1
Suppose 0 = -4*a - 2*y + 14, 2*a - 2*y = 26 - 10. Suppose 3*k = -3*o + 15 + 12, a*k - 5 = 5*o. What is the units digit of k?
5
Let z(d) = -4 + d**3 + 2 - d + 0*d**3. Let x(i) = -i**2 - 7*i + 2. Let l be x(-7). What is the units digit of z(l)?
4
Suppose -4*r + 9*r - 440 = 0. What is the tens digit of r?
8
Let g(h) = -4*h - 4. Let m(i) = -9*i - 7. Let y(a) = -7*g(a) + 3*m(a). What is the tens digit of y(3)?
1
Let r(w) = w**2 + 8*w. Let n be r(-8). Let t be 0 - (n - (5 + -1)). Suppose -14 = -t*s + 34. What is the tens digit of s?
1
Suppose 0 = 2*q - 125 - 55. What is the tens digit of q?
9
Suppose 3*t - 67 = -4*a, -2*t - 101 = -6*a + a. Suppose 3 - a = -4*b. What is the units digit of b?
4
Let k be ((-2)/(-6))/((-1)/(-15)). Let g(y) = -2*y**3 - 2*y**2 + 4. Let n be g(-2). Suppose -5*x = k*t - n - 3, x = 2*t. What is the units digit of x?
2
Let c(x) = -x**3 + 10*x**2 - 7*x. What is the tens digit of c(9)?
1
Let u be 2/(0 + 2)*0. Suppose a + u*a = 13. Let h = -7 + a. What is the units digit of h?
6
Let b = 340 - 104. What is the tens digit of b?
3
What is the tens digit of 2*2 + (-7 - -83)?
8
Let t = -10 - -4. Let v be (-478)/t - (-2)/6. Suppose 3*h - 2*p - 27 - 34 = 0, 4*h - v = 2*p. What is the tens digit of h?
1
Suppose -3*u - 32 = -128. What is the tens digit of u?
3
Let z = -47 + 80. Suppose 5*b - 26 = -4*l - 11, -l = -4*b + z. Let f(q) = -q**2 + 7*q + 8. What is the units digit of f(b)?
8
Let u(l) = 3 + 5*l - 7*l + 2. What is the units digit of u(-5)?
5
Suppose -12 = -7*c + 3*c. Suppose -4*s + c*s = -7. What is the units digit of s?
7
Let q = -89 + 178. What is the units digit of q?
9
Let s(a) = a + 14. Let l be s(-6). Suppose 5*g - 1 = o, 3*g - l = -5. Suppose -4*q + o = 0, 4*t - q - 21 = 2*q. What is the units digit of t?
6
Let z be ((-8)/12)/((-2)/15). Suppose -j + x = -1, 0 = -2*j - z*x + 23. What is the units digit of j?
4
Let t(z) = -2 - 10*z**2 - z**3 + 12*z**2 + 1 + 2*z. Let a be t(2). Suppose -3*u + 0*u = -a*q + 18, 2*q = -4*u. What is the units digit of q?
4
Suppose -9*w + 264 = -7*w. What is the tens digit of w?
3
Let d(o) = 